*w**3 - 2*w**2 + 2*w + 12. Let v(g) = 9*j(g) - 2*k(g). Does 12 divide v(p)?
False
Let q(t) = -t - 1. Let r(i) = -2. Let k(l) = -q(l) + r(l). Let b be k(4). Suppose -b*s + 160 = s. Is s a multiple of 22?
False
Suppose -r + 20 - 8 = 0. Suppose 6 + r = o. Is 14 a factor of o?
False
Suppose -5*u = -2*y - 64, -2*u - 3 = -11. Let j = y + 89. Suppose -5*g + 5*p = -101 - 44, -2*g - p = -j. Is 12 a factor of g?
False
Let u = 75 + -45. Is u a multiple of 3?
True
Suppose -4*b + 75 = 2*h - 29, 2*b + 2*h - 54 = 0. Does 13 divide b?
False
Let l = 335 - 155. Is l a multiple of 32?
False
Suppose 0 = 3*k + 2*x - 16, -3*k + 24 - 6 = 3*x. Suppose -2*l + 5*j - k - 27 = 0, -9 = -3*j. Does 9 divide (l/(-20))/(2/50)?
False
Suppose -18*v + 15*v + 12 = 0. Does 3 divide v?
False
Let m(n) = -7*n**3 + 3*n**2 + 5*n + 1. Is 6 a factor of m(-2)?
False
Let v = -23 - -28. Suppose -v*c + 59 = -1. Is c a multiple of 12?
True
Let u = -1 + 18. Does 13 divide u?
False
Let c = 23 + -18. Suppose -c*d - 3*f = -d - 303, 0 = 5*d - 5*f - 405. Is 20 a factor of d?
False
Let n be 70*1/2 - 1. Let j = 12 - 7. Suppose 0 = j*c - n - 71. Does 12 divide c?
False
Suppose 3*q + 234 = 3*w, 0 = -0*w + w - 1. Let p = q + 140. Let d = p - 45. Is d a multiple of 8?
False
Let o be 34/3 + (-2)/6. Suppose -1 = -4*m + o. Does 2 divide m?
False
Let s(t) = 2*t**2 - 4*t + 6. Let g be s(5). Let d = 66 - g. Suppose n - d = -4*n. Is 2 a factor of n?
True
Suppose -2*o = -c + 4*c - 8, 0 = -2*c - 4. Let x = o + 32. Is x a multiple of 27?
False
Suppose 2*t + 33 = 5*r, -2*t - 2*r + 2 = -0*t. Let g(a) = 3*a**2 + 3*a - 2. Let v be g(t). Does 13 divide 0 - v/(-4)*2?
False
Let k be (-3*1)/(2 - 3). Let q = -64 + 124. Suppose -k*n = -6*n + q. Is 8 a factor of n?
False
Let s(b) = -b**2 + 6*b - 3. Let p be s(5). Suppose -4*j + 4 - 24 = -p*z, 2*z - 2*j = 10. Suppose -k + z*k = -3*y + 85, 0 = 2*y - k - 55. Is 10 a factor of y?
True
Let r = 87 - -6. Is 31 a factor of r?
True
Suppose 3*b - 5*d + 17 = 0, -4*d + 9 = -2*b - 5. Let w = b - 3. Is 10 a factor of (-1 - -10)/(w/(-6))?
False
Let n = 144 + -90. Is n a multiple of 19?
False
Let a(f) = f**3 + 12*f**2 + 5*f - 6. Let q be a(-5). Let b = 269 - q. Suppose -4*o = o - b. Is o a multiple of 9?
False
Let q(f) = -f - 6. Let d be q(-6). Let l(y) be the second derivative of y**4/12 - y**3/6 + 15*y**2 - 9*y. Does 15 divide l(d)?
True
Let k(i) = i**2 + 8*i + 10. Let p be 37/5 + (-2)/5. Let w = p - 16. Is 19 a factor of k(w)?
True
Suppose -179 = 12*f - 1439. Does 34 divide f?
False
Let c = 0 + 0. Suppose m = -c*m. Suppose -5*n + m*n = -200. Is 15 a factor of n?
False
Let m be (-636)/(-10) + (-2)/(-5). Let z = -32 + m. Let s = z + -19. Does 13 divide s?
True
Let o(r) = r**2 + 7 + 0 + 4*r + r**3 + 5*r**2. Let m be o(-5). Suppose -d - m = -3*d. Is d a multiple of 4?
False
Suppose 3*b + j = 6*j + 33, 2*b = -3*j + 3. Does 3 divide b?
True
Let p(z) be the second derivative of -z**5/20 + z**3/6 + 3*z**2 + 4*z. Is p(0) a multiple of 4?
False
Let j(h) = -7*h - 20. Is j(-6) a multiple of 8?
False
Suppose -5 = 3*w + 3*d - 11, 5*d = 4*w - 53. Let g(h) = h**2 - h - 2 + 0 - 4*h. Does 7 divide g(w)?
False
Let l(k) = k**3 + 9*k**2 - 3*k - 9. Let w be l(-9). Let x = 42 - w. Is 12 a factor of x?
True
Suppose 2*l - 9 = -l. Suppose 5*o - 39 = -4*a + 18, -16 = -a - l*o. Does 4 divide a?
False
Let n(f) be the first derivative of f**4/2 - 5*f**3/3 + 3*f**2/2 - 3. Let d(t) = t**3 + t + 1. Let g(s) = d(s) - n(s). Is g(3) a multiple of 13?
True
Let i be (-3 + 2)*(-6)/2. Let z(a) = 6*a - 3*a - a - i. Is 13 a factor of z(8)?
True
Let k be (0 + 1)*(-51)/(-3). Suppose 3*r - k - 31 = 0. Is 12 a factor of r?
False
Suppose -2*l = 2, -2*l = -p - 12 - 10. Let m be (-16)/p + (-698)/(-6). Suppose -189 = -4*a + g, 0*a = -2*a + 5*g + m. Does 17 divide a?
False
Suppose 0 = -k - 0*k. Suppose 0 = -z - u + 7, k = -3*z + 2*u - 0*u + 1. Suppose z*h + h = 76. Does 12 divide h?
False
Let z(a) = 0*a**2 - 1 - 3*a**2 - 3*a**2 + 7*a + 5*a**2. Is z(6) even?
False
Let w(p) = p + 40. Let l be w(0). Suppose 5 + l = 3*o. Does 8 divide o?
False
Suppose 0*s = 7*s - 357. Is s a multiple of 51?
True
Let k(r) = -4*r - 3. Let y be 5/(-10) - 11/2. Is 8 a factor of k(y)?
False
Suppose -4*g + 2*g = -f + 10, -3*g + 3 = 3*f. Is (-2 + f)*20*1 a multiple of 19?
False
Suppose 13*n = 378 + 220. Does 16 divide n?
False
Let l(a) = 129*a**3 - 2*a + 1. Is 27 a factor of l(1)?
False
Let f(b) = -b**3 + 12*b**2 + 6*b - 13. Let j be f(12). Suppose 63 = l + 3*a + 2*a, -l = 4*a - j. Is 22 a factor of l?
False
Let c(z) = 21*z**2 + z + 1. Let u be c(-3). Let r = u + -95. Suppose r = -n + 5*n. Is 8 a factor of n?
False
Suppose x + 18 = -x. Let f be (8/(-2) - 2)*2. Is 5 - x/(-3) - f a multiple of 7?
True
Suppose -z = -4*n - 21, 3*z + 17 = -4*n - 0*z. Let d(u) = -u - 3. Let x be d(n). Suppose x*v + 2*o - 40 = -v, -v + 15 = -o. Does 7 divide v?
True
Let c(q) = -11*q - 1. Let h be c(-1). Let u be h/((-6)/(-9)*3). Suppose 0 = -3*l - 5*z + 145, u*l - 2*z = l + 202. Is l a multiple of 21?
False
Suppose -3*t + 316 = -152. Does 13 divide t?
True
Suppose 6*c - c = 505. Is 16 a factor of c?
False
Let l = -4 - -8. Suppose 0 = 3*r + 4*t - 17, 0 = -r + 3*t - l*t + 6. Is 7 a factor of r?
True
Is 1/5 - 444/(-30) a multiple of 13?
False
Suppose 0 = 4*t - 26 - 50. Suppose -2*c - 3*i + t = -34, -55 = -2*c - i. Does 28 divide c?
True
Let g(b) = 5*b - 7. Let p be g(4). Suppose -9*k - 348 = -p*k. Is k a multiple of 17?
False
Let w(m) = m**3 - 7*m**2 + 5*m + 3. Let z be w(5). Let j be -4*-27*(1 + 4). Is (-4)/z + j/55 a multiple of 5?
True
Let x(o) = 2*o**3 - 2*o + 0*o**3 + 3 + o**2 + 4*o**3. Let k be x(2). Suppose 0 = -5*l + 29 + k. Is 11 a factor of l?
False
Suppose -2*i = -0*i. Suppose 2*l = -0*c - 4*c + 2, 0 = -2*l + 2*c + 8. Suppose i*f + l*f - 66 = 0. Does 14 divide f?
False
Is 1790/45 - (-4)/18 a multiple of 5?
True
Let n(d) = d**3 - d**2 + 8*d + 2. Is 9 a factor of n(4)?
False
Let x(a) = 4*a**3 - 5*a**3 + 5 + 7*a**2 + 2*a**3 + 0*a**3. Let c be x(-6). Suppose 2*t = -5*o + 120, o + 0*t - c = 3*t. Does 14 divide o?
False
Suppose -3*c = -c - 42. Let g = c - -5. Does 12 divide g?
False
Suppose -6 + 36 = 5*s + 4*l, s = 5*l + 6. Is 6 a factor of s?
True
Let x be (84*-1)/(6/(-8)). Suppose 3*g - 2*g + 4*c - 46 = 0, 2*c = 4*g - x. Does 11 divide g?
False
Suppose 3 = -4*t - 9, 3*j - 2*t - 36 = 0. Let g(l) = 2*l - 7. Is 13 a factor of g(j)?
True
Let u be (-10)/4*(-8)/10. Suppose 0 = 5*h, -u*x = -2*h - 3*h. Suppose 4*b - 60 = -x*b. Is b a multiple of 9?
False
Let m(r) = 7*r - 4*r + 22*r**2 + 1 - r. Is 21 a factor of m(-1)?
True
Let i be (-2)/(-2*(-1)/(-4)). Suppose i*g - 29 = 83. Suppose 8*b + 2*c = 4*b + g, 0 = -b + c + 13. Is 3 a factor of b?
True
Let f = 663 - 208. Is f a multiple of 13?
True
Is -24*(-4)/24*4 a multiple of 8?
True
Let b = 67 + -39. Is 5 a factor of b?
False
Suppose 102 + 254 = 3*g - 5*o, 3*g - 3*o - 354 = 0. Is 10 a factor of g?
False
Let g(h) = h**2 - 5*h + 6. Let f be g(4). Is -1 + 0 - (-70)/f a multiple of 11?
False
Suppose i - 2*i - 7 = 0. Let a(f) = -2*f - 4. Let x be a(i). Is 20 a factor of (-7)/35 + 742/x?
False
Suppose 0 = 4*c - c + 3*t + 168, 3*c - 5*t = -168. Suppose -3*l = -w + 75, 0*l - 3*l = w - 93. Let y = w + c. Is 11 a factor of y?
False
Let m(x) = 10*x**3 + 2*x - 1. Let a(u) = -u**2 + 6*u - 1. Let o be a(5). Suppose -1 = -o*k + 3. Does 11 divide m(k)?
True
Let f = 29 - 5. Is 16 a factor of f?
False
Suppose 4*q + 0*q - 15 = -y, 3*q = 5*y + 17. Let n = -9 - q. Does 18 divide (n/2)/((-2)/8)?
False
Let r be -2*(2 - 3) + 0. Suppose -r*o = 3*o - 75. Does 4 divide o?
False
Let x(m) = -m**2 + 12*m + 25. Does 26 divide x(9)?
True
Let l(r) = -r**3 + 10*r**2 - 9*r - 6. Let i be l(7). Suppose 3*t - 13 - i = -4*j, 5*t = 3*j - 32. Is j a multiple of 12?
False
Let c = -108 + 130. Is 11 a factor of c?
True
Suppose 0 = 5*a + 25, a - 15 = 2*n - 0*a. Let q = -5 - n. Suppose -2 = -u + q*r, 2*r - 8 + 53 = 3*u. Is 15 a factor of u?
False
Let l(u) = -7*u - 8. Suppose 4*j = -38 + 14. Is l(j) a multiple of 10?
False
Let g = -21 - -9. Suppose 3*b - 98 = -38. Let f = g + b. Does 3 divide f?
False
Let q(c) = -5*c**3 + 2*c + 1. Let d(p) = -2*p**2 - 2*p - 1. Let v be d(-1). Is q(v) a multiple of 4?
True
Let x(b) = -b**3 + 2*b**2 + 2*b + 1. Let p be x(-1). Suppose -155 = -3*d + 4*r, -d 